{"id":2128,"date":"2021-06-09T12:35:10","date_gmt":"2021-06-09T10:35:10","guid":{"rendered":"http:\/\/biurokarier.wsiz.pl\/wp-content\/uploads\/2021\/06\/M\u0142odszy-specjalista-ds.-przyj\u0119\u0107-na-studia-angloj\u0119zyczne.png"},"modified":"2021-06-09T12:35:10","modified_gmt":"2021-06-09T10:35:10","slug":"mlodszy-specjalista-ds-przyjec-na-studia-anglojezyczne-2","status":"inherit","type":"attachment","link":"https:\/\/biurokarier.wsiz.pl\/en\/mlodszy-specjalista-ds-przyjec-na-studia-anglojezyczne-2\/","title":{"rendered":"M\u0142odszy-specjalista-ds.-przyj\u0119\u0107-na-studia-angloj\u0119zyczne"},"author":372,"featured_media":0,"comment_status":"closed","ping_status":"closed","template":"","meta":[],"class_list":["post-2128","attachment","type-attachment","status-inherit","hentry"],"description":{"rendered":"<p class=\"attachment\"><a href='https:\/\/biurokarier.wsiz.pl\/wp-content\/uploads\/2021\/06\/M\u0142odszy-specjalista-ds.-przyj\u0119\u0107-na-studia-angloj\u0119zyczne.png'><img loading=\"lazy\" decoding=\"async\" width=\"208\" height=\"300\" src=\"https:\/\/biurokarier.wsiz.pl\/wp-content\/uploads\/2021\/06\/M\u0142odszy-specjalista-ds.-przyj\u0119\u0107-na-studia-angloj\u0119zyczne-208x300.png\" class=\"attachment-medium size-medium\" alt=\"\" srcset=\"https:\/\/biurokarier.wsiz.pl\/wp-content\/uploads\/2021\/06\/M\u0142odszy-specjalista-ds.-przyj\u0119\u0107-na-studia-angloj\u0119zyczne-208x300.png 208w, https:\/\/biurokarier.wsiz.pl\/wp-content\/uploads\/2021\/06\/M\u0142odszy-specjalista-ds.-przyj\u0119\u0107-na-studia-angloj\u0119zyczne.png 590w\" sizes=\"auto, (max-width: 208px) 100vw, 208px\" \/><\/a><\/p>\n"},"caption":{"rendered":""},"alt_text":"","media_type":"image","mime_type":"image\/png","media_details":{"width":590,"height":853,"file":"2021\/06\/M\u0142odszy-specjalista-ds.-przyj\u0119\u0107-na-studia-angloj\u0119zyczne.png","sizes":{"medium":{"file":"M\u0142odszy-specjalista-ds.-przyj\u0119\u0107-na-studia-angloj\u0119zyczne-208x300.png","width":208,"height":300,"mime_type":"image\/png","source_url":"https:\/\/biurokarier.wsiz.pl\/wp-content\/uploads\/2021\/06\/M\u0142odszy-specjalista-ds.-przyj\u0119\u0107-na-studia-angloj\u0119zyczne-208x300.png"},"thumbnail":{"file":"M\u0142odszy-specjalista-ds.-przyj\u0119\u0107-na-studia-angloj\u0119zyczne-150x150.png","width":150,"height":150,"mime_type":"image\/png","source_url":"https:\/\/biurokarier.wsiz.pl\/wp-content\/uploads\/2021\/06\/M\u0142odszy-specjalista-ds.-przyj\u0119\u0107-na-studia-angloj\u0119zyczne-150x150.png"},"full":{"file":"M\u0142odszy-specjalista-ds.-przyj\u0119\u0107-na-studia-angloj\u0119zyczne.png","width":590,"height":853,"mime_type":"image\/png","source_url":"https:\/\/biurokarier.wsiz.pl\/wp-content\/uploads\/2021\/06\/M\u0142odszy-specjalista-ds.-przyj\u0119\u0107-na-studia-angloj\u0119zyczne.png"}},"image_meta":{"aperture":"0","credit":"","camera":"","caption":"","created_timestamp":"0","copyright":"","focal_length":"0","iso":"0","shutter_speed":"0","title":"","orientation":"0","keywords":[]}},"post":null,"source_url":"https:\/\/biurokarier.wsiz.pl\/wp-content\/uploads\/2021\/06\/M\u0142odszy-specjalista-ds.-przyj\u0119\u0107-na-studia-angloj\u0119zyczne.png","_links":{"self":[{"href":"https:\/\/biurokarier.wsiz.pl\/en\/wp-json\/wp\/v2\/media\/2128","targetHints":{"allow":["GET"]}}],"collection":[{"href":"https:\/\/biurokarier.wsiz.pl\/en\/wp-json\/wp\/v2\/media"}],"about":[{"href":"https:\/\/biurokarier.wsiz.pl\/en\/wp-json\/wp\/v2\/types\/attachment"}],"author":[{"embeddable":true,"href":"https:\/\/biurokarier.wsiz.pl\/en\/wp-json\/wp\/v2\/users\/372"}],"replies":[{"embeddable":true,"href":"https:\/\/biurokarier.wsiz.pl\/en\/wp-json\/wp\/v2\/comments?post=2128"}]}}

http://biurokarier.wsiz.pl/wp-content/uploads/2021/06/Młodszy-specjalista-ds.-przyjęć-na-studia-anglojęzyczne.png

Młodszy-specjalista-ds.-przyjęć-na-studia-anglojęzyczne

<p class="attachment"><a href='https://biurokarier.wsiz.pl/wp-content/uploads/2021/06/Młodszy-specjalista-ds.-przyjęć-na-studia-anglojęzyczne.png'><img loading="lazy" decoding="async" width="208" height="300" src="https://biurokarier.wsiz.pl/wp-content/uploads/2021/06/Młodszy-specjalista-ds.-przyjęć-na-studia-anglojęzyczne-208x300.png" class="attachment-medium size-medium" alt="" srcset="https://biurokarier.wsiz.pl/wp-content/uploads/2021/06/Młodszy-specjalista-ds.-przyjęć-na-studia-anglojęzyczne-208x300.png 208w, https://biurokarier.wsiz.pl/wp-content/uploads/2021/06/Młodszy-specjalista-ds.-przyjęć-na-studia-anglojęzyczne.png 590w" sizes="auto, (max-width: 208px) 100vw, 208px" /></a></p>

2021/06/Młodszy-specjalista-ds.-przyjęć-na-studia-anglojęzyczne.png

Młodszy-specjalista-ds.-przyjęć-na-studia-anglojęzyczne-208x300.png

https://biurokarier.wsiz.pl/wp-content/uploads/2021/06/Młodszy-specjalista-ds.-przyjęć-na-studia-anglojęzyczne-208x300.png

Młodszy-specjalista-ds.-przyjęć-na-studia-anglojęzyczne-150x150.png

https://biurokarier.wsiz.pl/wp-content/uploads/2021/06/Młodszy-specjalista-ds.-przyjęć-na-studia-anglojęzyczne-150x150.png

Młodszy-specjalista-ds.-przyjęć-na-studia-anglojęzyczne.png

https://biurokarier.wsiz.pl/wp-content/uploads/2021/06/Młodszy-specjalista-ds.-przyjęć-na-studia-anglojęzyczne.png
