{"id":3297,"date":"2022-01-26T09:45:12","date_gmt":"2022-01-26T08:45:12","guid":{"rendered":"http:\/\/biurokarier.wsiz.pl\/wp-content\/uploads\/2022\/01\/Projekt-Nastaw-si\u0119-na-rozw\u00f3j_ulotka.jpg"},"modified":"2022-01-26T09:45:12","modified_gmt":"2022-01-26T08:45:12","slug":"projekt-nastaw-sie-na-rozwoj_ulotka-2","status":"inherit","type":"attachment","link":"https:\/\/biurokarier.wsiz.pl\/en\/projekt-nastaw-sie-na-rozwoj_ulotka-2\/","title":{"rendered":"Projekt-Nastaw-si\u0119-na-rozw\u00f3j_ulotka"},"author":372,"featured_media":0,"comment_status":"closed","ping_status":"closed","template":"","meta":[],"class_list":["post-3297","attachment","type-attachment","status-inherit","hentry"],"description":{"rendered":"<p class=\"attachment\"><a href='https:\/\/biurokarier.wsiz.pl\/wp-content\/uploads\/2022\/01\/Projekt-Nastaw-si\u0119-na-rozw\u00f3j_ulotka-scaled.jpg'><img loading=\"lazy\" decoding=\"async\" width=\"213\" height=\"300\" src=\"https:\/\/biurokarier.wsiz.pl\/wp-content\/uploads\/2022\/01\/Projekt-Nastaw-si\u0119-na-rozw\u00f3j_ulotka-213x300.jpg\" class=\"attachment-medium size-medium\" alt=\"\" srcset=\"https:\/\/biurokarier.wsiz.pl\/wp-content\/uploads\/2022\/01\/Projekt-Nastaw-si\u0119-na-rozw\u00f3j_ulotka-213x300.jpg 213w, https:\/\/biurokarier.wsiz.pl\/wp-content\/uploads\/2022\/01\/Projekt-Nastaw-si\u0119-na-rozw\u00f3j_ulotka-727x1024.jpg 727w, https:\/\/biurokarier.wsiz.pl\/wp-content\/uploads\/2022\/01\/Projekt-Nastaw-si\u0119-na-rozw\u00f3j_ulotka-768x1082.jpg 768w, https:\/\/biurokarier.wsiz.pl\/wp-content\/uploads\/2022\/01\/Projekt-Nastaw-si\u0119-na-rozw\u00f3j_ulotka-1090x1536.jpg 1090w, https:\/\/biurokarier.wsiz.pl\/wp-content\/uploads\/2022\/01\/Projekt-Nastaw-si\u0119-na-rozw\u00f3j_ulotka-1454x2048.jpg 1454w, https:\/\/biurokarier.wsiz.pl\/wp-content\/uploads\/2022\/01\/Projekt-Nastaw-si\u0119-na-rozw\u00f3j_ulotka-scaled.jpg 1817w\" sizes=\"auto, (max-width: 213px) 100vw, 213px\" \/><\/a><\/p>\n"},"caption":{"rendered":""},"alt_text":"","media_type":"image","mime_type":"image\/jpeg","media_details":{"width":1817,"height":2560,"file":"2022\/01\/Projekt-Nastaw-si\u0119-na-rozw\u00f3j_ulotka-scaled.jpg","sizes":{"medium":{"file":"Projekt-Nastaw-si\u0119-na-rozw\u00f3j_ulotka-213x300.jpg","width":213,"height":300,"mime_type":"image\/jpeg","source_url":"https:\/\/biurokarier.wsiz.pl\/wp-content\/uploads\/2022\/01\/Projekt-Nastaw-si\u0119-na-rozw\u00f3j_ulotka-213x300.jpg"},"large":{"file":"Projekt-Nastaw-si\u0119-na-rozw\u00f3j_ulotka-727x1024.jpg","width":727,"height":1024,"mime_type":"image\/jpeg","source_url":"https:\/\/biurokarier.wsiz.pl\/wp-content\/uploads\/2022\/01\/Projekt-Nastaw-si\u0119-na-rozw\u00f3j_ulotka-727x1024.jpg"},"thumbnail":{"file":"Projekt-Nastaw-si\u0119-na-rozw\u00f3j_ulotka-150x150.jpg","width":150,"height":150,"mime_type":"image\/jpeg","source_url":"https:\/\/biurokarier.wsiz.pl\/wp-content\/uploads\/2022\/01\/Projekt-Nastaw-si\u0119-na-rozw\u00f3j_ulotka-150x150.jpg"},"medium_large":{"file":"Projekt-Nastaw-si\u0119-na-rozw\u00f3j_ulotka-768x1082.jpg","width":768,"height":1082,"mime_type":"image\/jpeg","source_url":"https:\/\/biurokarier.wsiz.pl\/wp-content\/uploads\/2022\/01\/Projekt-Nastaw-si\u0119-na-rozw\u00f3j_ulotka-768x1082.jpg"},"1536x1536":{"file":"Projekt-Nastaw-si\u0119-na-rozw\u00f3j_ulotka-1090x1536.jpg","width":1090,"height":1536,"mime_type":"image\/jpeg","source_url":"https:\/\/biurokarier.wsiz.pl\/wp-content\/uploads\/2022\/01\/Projekt-Nastaw-si\u0119-na-rozw\u00f3j_ulotka-1090x1536.jpg"},"2048x2048":{"file":"Projekt-Nastaw-si\u0119-na-rozw\u00f3j_ulotka-1454x2048.jpg","width":1454,"height":2048,"mime_type":"image\/jpeg","source_url":"https:\/\/biurokarier.wsiz.pl\/wp-content\/uploads\/2022\/01\/Projekt-Nastaw-si\u0119-na-rozw\u00f3j_ulotka-1454x2048.jpg"},"full":{"file":"Projekt-Nastaw-si\u0119-na-rozw\u00f3j_ulotka-scaled.jpg","width":1817,"height":2560,"mime_type":"image\/jpeg","source_url":"https:\/\/biurokarier.wsiz.pl\/wp-content\/uploads\/2022\/01\/Projekt-Nastaw-si\u0119-na-rozw\u00f3j_ulotka-scaled.jpg"}},"image_meta":{"aperture":"0","credit":"","camera":"","caption":"","created_timestamp":"0","copyright":"","focal_length":"0","iso":"0","shutter_speed":"0","title":"","orientation":"0","keywords":[]},"original_image":"Projekt-Nastaw-si\u0119-na-rozw\u00f3j_ulotka.jpg"},"post":null,"source_url":"https:\/\/biurokarier.wsiz.pl\/wp-content\/uploads\/2022\/01\/Projekt-Nastaw-si\u0119-na-rozw\u00f3j_ulotka-scaled.jpg","_links":{"self":[{"href":"https:\/\/biurokarier.wsiz.pl\/en\/wp-json\/wp\/v2\/media\/3297","targetHints":{"allow":["GET"]}}],"collection":[{"href":"https:\/\/biurokarier.wsiz.pl\/en\/wp-json\/wp\/v2\/media"}],"about":[{"href":"https:\/\/biurokarier.wsiz.pl\/en\/wp-json\/wp\/v2\/types\/attachment"}],"author":[{"embeddable":true,"href":"https:\/\/biurokarier.wsiz.pl\/en\/wp-json\/wp\/v2\/users\/372"}],"replies":[{"embeddable":true,"href":"https:\/\/biurokarier.wsiz.pl\/en\/wp-json\/wp\/v2\/comments?post=3297"}]}}

http://biurokarier.wsiz.pl/wp-content/uploads/2022/01/Projekt-Nastaw-się-na-rozwój_ulotka.jpg

Projekt-Nastaw-się-na-rozwój_ulotka

<p class="attachment"><a href='https://biurokarier.wsiz.pl/wp-content/uploads/2022/01/Projekt-Nastaw-się-na-rozwój_ulotka-scaled.jpg'><img loading="lazy" decoding="async" width="213" height="300" src="https://biurokarier.wsiz.pl/wp-content/uploads/2022/01/Projekt-Nastaw-się-na-rozwój_ulotka-213x300.jpg" class="attachment-medium size-medium" alt="" srcset="https://biurokarier.wsiz.pl/wp-content/uploads/2022/01/Projekt-Nastaw-się-na-rozwój_ulotka-213x300.jpg 213w, https://biurokarier.wsiz.pl/wp-content/uploads/2022/01/Projekt-Nastaw-się-na-rozwój_ulotka-727x1024.jpg 727w, https://biurokarier.wsiz.pl/wp-content/uploads/2022/01/Projekt-Nastaw-się-na-rozwój_ulotka-768x1082.jpg 768w, https://biurokarier.wsiz.pl/wp-content/uploads/2022/01/Projekt-Nastaw-się-na-rozwój_ulotka-1090x1536.jpg 1090w, https://biurokarier.wsiz.pl/wp-content/uploads/2022/01/Projekt-Nastaw-się-na-rozwój_ulotka-1454x2048.jpg 1454w, https://biurokarier.wsiz.pl/wp-content/uploads/2022/01/Projekt-Nastaw-się-na-rozwój_ulotka-scaled.jpg 1817w" sizes="auto, (max-width: 213px) 100vw, 213px" /></a></p>

2022/01/Projekt-Nastaw-się-na-rozwój_ulotka-scaled.jpg

Projekt-Nastaw-się-na-rozwój_ulotka-213x300.jpg

https://biurokarier.wsiz.pl/wp-content/uploads/2022/01/Projekt-Nastaw-się-na-rozwój_ulotka-213x300.jpg

Projekt-Nastaw-się-na-rozwój_ulotka-727x1024.jpg

https://biurokarier.wsiz.pl/wp-content/uploads/2022/01/Projekt-Nastaw-się-na-rozwój_ulotka-727x1024.jpg

Projekt-Nastaw-się-na-rozwój_ulotka-150x150.jpg

https://biurokarier.wsiz.pl/wp-content/uploads/2022/01/Projekt-Nastaw-się-na-rozwój_ulotka-150x150.jpg

Projekt-Nastaw-się-na-rozwój_ulotka-768x1082.jpg

https://biurokarier.wsiz.pl/wp-content/uploads/2022/01/Projekt-Nastaw-się-na-rozwój_ulotka-768x1082.jpg

Projekt-Nastaw-się-na-rozwój_ulotka-1090x1536.jpg

https://biurokarier.wsiz.pl/wp-content/uploads/2022/01/Projekt-Nastaw-się-na-rozwój_ulotka-1090x1536.jpg

Projekt-Nastaw-się-na-rozwój_ulotka-1454x2048.jpg

https://biurokarier.wsiz.pl/wp-content/uploads/2022/01/Projekt-Nastaw-się-na-rozwój_ulotka-1454x2048.jpg

Projekt-Nastaw-się-na-rozwój_ulotka-scaled.jpg

https://biurokarier.wsiz.pl/wp-content/uploads/2022/01/Projekt-Nastaw-się-na-rozwój_ulotka-scaled.jpg

Projekt-Nastaw-się-na-rozwój_ulotka.jpg
