{"id":3316,"date":"2022-01-26T10:27:15","date_gmt":"2022-01-26T09:27:15","guid":{"rendered":"http:\/\/biurokarier.wsiz.pl\/wp-content\/uploads\/2022\/01\/Projekt-Nastaw-si\u0119-na-rozw\u00f3j_ulotka-2.jpg"},"modified":"2022-01-26T10:27:15","modified_gmt":"2022-01-26T09:27:15","slug":"projekt-nastaw-sie-na-rozwoj_ulotka-2-2","status":"inherit","type":"attachment","link":"https:\/\/biurokarier.wsiz.pl\/en\/projekt-nastaw-sie-na-rozwoj_ulotka-2-2\/","title":{"rendered":"Projekt Nastaw si\u0119 na rozw\u00f3j_ulotka 2"},"author":372,"featured_media":0,"comment_status":"closed","ping_status":"closed","template":"","meta":[],"class_list":["post-3316","attachment","type-attachment","status-inherit","hentry"],"description":{"rendered":"<p class=\"attachment\"><a href='https:\/\/biurokarier.wsiz.pl\/wp-content\/uploads\/2022\/01\/Projekt-Nastaw-si\u0119-na-rozw\u00f3j_ulotka-2-scaled-e1643189266524.jpg'><img loading=\"lazy\" decoding=\"async\" width=\"300\" height=\"245\" src=\"https:\/\/biurokarier.wsiz.pl\/wp-content\/uploads\/2022\/01\/Projekt-Nastaw-si\u0119-na-rozw\u00f3j_ulotka-2-300x245.jpg\" class=\"attachment-medium size-medium\" alt=\"\" srcset=\"https:\/\/biurokarier.wsiz.pl\/wp-content\/uploads\/2022\/01\/Projekt-Nastaw-si\u0119-na-rozw\u00f3j_ulotka-2-300x245.jpg 300w, https:\/\/biurokarier.wsiz.pl\/wp-content\/uploads\/2022\/01\/Projekt-Nastaw-si\u0119-na-rozw\u00f3j_ulotka-2-1024x838.jpg 1024w, https:\/\/biurokarier.wsiz.pl\/wp-content\/uploads\/2022\/01\/Projekt-Nastaw-si\u0119-na-rozw\u00f3j_ulotka-2-768x628.jpg 768w, https:\/\/biurokarier.wsiz.pl\/wp-content\/uploads\/2022\/01\/Projekt-Nastaw-si\u0119-na-rozw\u00f3j_ulotka-2-1536x1257.jpg 1536w, https:\/\/biurokarier.wsiz.pl\/wp-content\/uploads\/2022\/01\/Projekt-Nastaw-si\u0119-na-rozw\u00f3j_ulotka-2-2048x1676.jpg 2048w\" sizes=\"auto, (max-width: 300px) 100vw, 300px\" \/><\/a><\/p>\n"},"caption":{"rendered":""},"alt_text":"","media_type":"image","mime_type":"image\/jpeg","media_details":{"width":2560,"height":2095,"file":"2022\/01\/Projekt-Nastaw-si\u0119-na-rozw\u00f3j_ulotka-2-scaled.jpg","sizes":{"medium":{"file":"Projekt-Nastaw-si\u0119-na-rozw\u00f3j_ulotka-2-300x245.jpg","width":300,"height":245,"mime_type":"image\/jpeg","source_url":"https:\/\/biurokarier.wsiz.pl\/wp-content\/uploads\/2022\/01\/Projekt-Nastaw-si\u0119-na-rozw\u00f3j_ulotka-2-300x245.jpg"},"large":{"file":"Projekt-Nastaw-si\u0119-na-rozw\u00f3j_ulotka-2-1024x838.jpg","width":1024,"height":838,"mime_type":"image\/jpeg","source_url":"https:\/\/biurokarier.wsiz.pl\/wp-content\/uploads\/2022\/01\/Projekt-Nastaw-si\u0119-na-rozw\u00f3j_ulotka-2-1024x838.jpg"},"thumbnail":{"file":"Projekt-Nastaw-si\u0119-na-rozw\u00f3j_ulotka-2-150x150.jpg","width":150,"height":150,"mime_type":"image\/jpeg","source_url":"https:\/\/biurokarier.wsiz.pl\/wp-content\/uploads\/2022\/01\/Projekt-Nastaw-si\u0119-na-rozw\u00f3j_ulotka-2-150x150.jpg"},"medium_large":{"file":"Projekt-Nastaw-si\u0119-na-rozw\u00f3j_ulotka-2-768x628.jpg","width":768,"height":628,"mime_type":"image\/jpeg","source_url":"https:\/\/biurokarier.wsiz.pl\/wp-content\/uploads\/2022\/01\/Projekt-Nastaw-si\u0119-na-rozw\u00f3j_ulotka-2-768x628.jpg"},"1536x1536":{"file":"Projekt-Nastaw-si\u0119-na-rozw\u00f3j_ulotka-2-1536x1257.jpg","width":1536,"height":1257,"mime_type":"image\/jpeg","source_url":"https:\/\/biurokarier.wsiz.pl\/wp-content\/uploads\/2022\/01\/Projekt-Nastaw-si\u0119-na-rozw\u00f3j_ulotka-2-1536x1257.jpg"},"2048x2048":{"file":"Projekt-Nastaw-si\u0119-na-rozw\u00f3j_ulotka-2-2048x1676.jpg","width":2048,"height":1676,"mime_type":"image\/jpeg","source_url":"https:\/\/biurokarier.wsiz.pl\/wp-content\/uploads\/2022\/01\/Projekt-Nastaw-si\u0119-na-rozw\u00f3j_ulotka-2-2048x1676.jpg"},"full":{"file":"Projekt-Nastaw-si\u0119-na-rozw\u00f3j_ulotka-2-scaled-e1643189266524.jpg","width":2560,"height":2095,"mime_type":"image\/jpeg","source_url":"https:\/\/biurokarier.wsiz.pl\/wp-content\/uploads\/2022\/01\/Projekt-Nastaw-si\u0119-na-rozw\u00f3j_ulotka-2-scaled-e1643189266524.jpg"}},"image_meta":{"aperture":"0","credit":"","camera":"","caption":"","created_timestamp":"1643188054","copyright":"","focal_length":"0","iso":"0","shutter_speed":"0","title":"","orientation":"1","keywords":[]},"original_image":"Projekt-Nastaw-si\u0119-na-rozw\u00f3j_ulotka-2.jpg"},"post":null,"source_url":"https:\/\/biurokarier.wsiz.pl\/wp-content\/uploads\/2022\/01\/Projekt-Nastaw-si\u0119-na-rozw\u00f3j_ulotka-2-scaled-e1643189266524.jpg","_links":{"self":[{"href":"https:\/\/biurokarier.wsiz.pl\/en\/wp-json\/wp\/v2\/media\/3316","targetHints":{"allow":["GET"]}}],"collection":[{"href":"https:\/\/biurokarier.wsiz.pl\/en\/wp-json\/wp\/v2\/media"}],"about":[{"href":"https:\/\/biurokarier.wsiz.pl\/en\/wp-json\/wp\/v2\/types\/attachment"}],"author":[{"embeddable":true,"href":"https:\/\/biurokarier.wsiz.pl\/en\/wp-json\/wp\/v2\/users\/372"}],"replies":[{"embeddable":true,"href":"https:\/\/biurokarier.wsiz.pl\/en\/wp-json\/wp\/v2\/comments?post=3316"}]}}

http://biurokarier.wsiz.pl/wp-content/uploads/2022/01/Projekt-Nastaw-się-na-rozwój_ulotka-2.jpg

Projekt Nastaw się na rozwój_ulotka 2

<p class="attachment"><a href='https://biurokarier.wsiz.pl/wp-content/uploads/2022/01/Projekt-Nastaw-się-na-rozwój_ulotka-2-scaled-e1643189266524.jpg'><img loading="lazy" decoding="async" width="300" height="245" src="https://biurokarier.wsiz.pl/wp-content/uploads/2022/01/Projekt-Nastaw-się-na-rozwój_ulotka-2-300x245.jpg" class="attachment-medium size-medium" alt="" srcset="https://biurokarier.wsiz.pl/wp-content/uploads/2022/01/Projekt-Nastaw-się-na-rozwój_ulotka-2-300x245.jpg 300w, https://biurokarier.wsiz.pl/wp-content/uploads/2022/01/Projekt-Nastaw-się-na-rozwój_ulotka-2-1024x838.jpg 1024w, https://biurokarier.wsiz.pl/wp-content/uploads/2022/01/Projekt-Nastaw-się-na-rozwój_ulotka-2-768x628.jpg 768w, https://biurokarier.wsiz.pl/wp-content/uploads/2022/01/Projekt-Nastaw-się-na-rozwój_ulotka-2-1536x1257.jpg 1536w, https://biurokarier.wsiz.pl/wp-content/uploads/2022/01/Projekt-Nastaw-się-na-rozwój_ulotka-2-2048x1676.jpg 2048w" sizes="auto, (max-width: 300px) 100vw, 300px" /></a></p>

2022/01/Projekt-Nastaw-się-na-rozwój_ulotka-2-scaled.jpg

Projekt-Nastaw-się-na-rozwój_ulotka-2-300x245.jpg

https://biurokarier.wsiz.pl/wp-content/uploads/2022/01/Projekt-Nastaw-się-na-rozwój_ulotka-2-300x245.jpg

Projekt-Nastaw-się-na-rozwój_ulotka-2-1024x838.jpg

https://biurokarier.wsiz.pl/wp-content/uploads/2022/01/Projekt-Nastaw-się-na-rozwój_ulotka-2-1024x838.jpg

Projekt-Nastaw-się-na-rozwój_ulotka-2-150x150.jpg

https://biurokarier.wsiz.pl/wp-content/uploads/2022/01/Projekt-Nastaw-się-na-rozwój_ulotka-2-150x150.jpg

Projekt-Nastaw-się-na-rozwój_ulotka-2-768x628.jpg

https://biurokarier.wsiz.pl/wp-content/uploads/2022/01/Projekt-Nastaw-się-na-rozwój_ulotka-2-768x628.jpg

Projekt-Nastaw-się-na-rozwój_ulotka-2-1536x1257.jpg

https://biurokarier.wsiz.pl/wp-content/uploads/2022/01/Projekt-Nastaw-się-na-rozwój_ulotka-2-1536x1257.jpg

Projekt-Nastaw-się-na-rozwój_ulotka-2-2048x1676.jpg

https://biurokarier.wsiz.pl/wp-content/uploads/2022/01/Projekt-Nastaw-się-na-rozwój_ulotka-2-2048x1676.jpg

Projekt-Nastaw-się-na-rozwój_ulotka-2-scaled-e1643189266524.jpg

https://biurokarier.wsiz.pl/wp-content/uploads/2022/01/Projekt-Nastaw-się-na-rozwój_ulotka-2-scaled-e1643189266524.jpg

Projekt-Nastaw-się-na-rozwój_ulotka-2.jpg
